 (-1)/(-6).
5
Suppose 0 = p + 3*p + 8. Let l be (p/6)/(4/12). Calculate the remainder when 99/3 - l - 0 is divided by 12.
10
Let l = 165 + -136. What is the remainder when 114 is divided by l?
27
Let i = 6 + -1. Suppose -i*t + 148 = -t. Suppose -3*f = b - 28, 3*f = 3*b + b - t. Calculate the remainder when b is divided by 5.
3
Let k(c) = 0*c**2 + 4 + 3*c**2 + 2*c - 2*c**2. Calculate the remainder when (1 - 20/12) + 904/24 is divided by k(3).
18
Suppose 0*b = b + 2*a - 27, 5*b + 2*a - 167 = 0. What is the remainder when b is divided by 9?
8
Let c(o) = o**3 + 5*o**2 + 4. Let w be c(-5). Let t = 5 + w. Let m(b) = b + 9. Calculate the remainder when 52 is divided by m(t).
16
Suppose -75 = -3*h - 2*h. Calculate the remainder when h is divided by 6.
3
Suppose -r = 2*l - 0 + 3, -3*r - 7 = 4*l. Calculate the remainder when 77 is divided by ((-54)/(-2) + r)*1.
25
Suppose -2*s - 19 = -115. What is the remainder when s is divided by 17?
14
Let o(r) be the first derivative of -7*r + 2*r**2 - 2 - 1/4*r**4 + 2*r**3. Calculate the remainder when o(6) is divided by 5.
2
Let m(g) = 2*g**2 + 2*g + 1. Let j be m(-1). Let o be (0 - (2 - 4)) + 16. Let y = o - j. Calculate the remainder when y is divided by 6.
5
Suppose -4*q + 28 = -20. Calculate the remainder when 57 is divided by q.
9
Let p = 31 + -21. Suppose 0 = -2*o + m + p, -o - m = o - 10. What is the remainder when 8 is divided by o?
3
Let n = 202 - 114. Calculate the remainder when n is divided by 9.
7
Calculate the remainder when 43 is divided by ((-11)/(-3))/((-6)/(-18)).
10
Let t(u) = 6*u. Calculate the remainder when 51 is divided by t(3).
15
Suppose 0*h + 48 = 2*h. Calculate the remainder when h is divided by 9.
6
Calculate the remainder when 26 + (-8)/12*-3 + -1 is divided by 25.
2
Suppose 3*p = p + 8. Let c = -14 + 22. Let t(n) = -n + 11. What is the remainder when p is divided by t(c)?
1
Let b = 32 - 19. Let z(j) = 2*j**2 + j + 4. Let o(f) = f**2 - 13*f + 7. Let q be o(12). What is the remainder when z(q) is divided by b?
10
Suppose -3*s - 4*a + 45 = -a, a = -4. Calculate the remainder when 73 is divided by s.
16
Let h(l) = -l**2 - 6*l - 3. Let c be h(-5). Suppose z + 1 - 6 = 2*a, 6 = c*a. Let q(w) = -2*w - 16. Calculate the remainder when z is divided by q(-11).
5
Suppose 6 = -2*o, 2*h + 5*o + 59 = -0*o. Let c = h - -38. Calculate the remainder when c is divided by 2/(-4) - 57/(-6).
7
Let p(i) = 2*i - 3. Let r be p(4). Suppose -q + 0 = -r. What is the remainder when 17 is divided by q?
2
Let v(x) = x**3 - 8*x**2 + 7*x + 6. Let y be v(7). Let c be (-2 - 1)/((-3)/y). Calculate the remainder when 41 is divided by 6 - c - (-14)/1.
13
Suppose 2*u - 6 = -u. Suppose -2*b + 3*w = 7*w - 22, -3*w - 1 = -2*b. Calculate the remainder when b is divided by u.
1
Suppose y - 5*k = -y + 75, 24 = y + 2*k. Calculate the remainder when y is divided by 8.
6
Let u(d) = -d**3 + 8*d**2 - 5*d + 5. Calculate the remainder when u(6) is divided by 1/((-1)/(-6))*2.
11
Let y(h) = -57*h**3 - h. Suppose 2*k - 3*f = f + 24, 88 = 5*k - 3*f. Calculate the remainder when y(-1) is divided by k.
18
Suppose -5*n = -4*l - 2, -3*n + 4*l = 6 - 4. Suppose n*d = 4 - 2. Calculate the remainder when 3 is divided by d.
0
Let d(v) = -12*v - 2. Let l = -10 + 52. What is the remainder when l is divided by d(-2)?
20
Suppose 22 = l + l. Let b be 3/(-6) + (-23)/(-2). Suppose -2*q + 4*u - 2 - 2 = 0, -u + b = 2*q. Calculate the remainder when l is divided by q.
3
What is the remainder when (-2 - (41 - 0))/(-1) is divided by 15?
13
Suppose 68 + 121 = h. Calculate the remainder when h is divided by 10.
9
Let r = 5 - 3. Suppose 3*f + r*g = -3*g + 30, 5*f - 3*g = 50. What is the remainder when f is divided by 4?
2
Suppose -5*p + 70 = -5*y, -3*p + 41 = y - 3*y. Let g(w) = 2*w - 5. What is the remainder when p is divided by g(6)?
6
Suppose -1 = z - 4*k, -k + 23 = 2*z + z. Let q be 261/z - (-4)/(-14). Let j = q - 22. Calculate the remainder when 29 is divided by j.
14
Let c(m) = m**2 - m + 1. Let g(a) = 7*a**2 - 2. Let f(b) = 2*c(b) + g(b). Calculate the remainder when 30 is divided by f(-1).
8
Let c = 9 - 9. Suppose 40 = -c*a + 5*a. What is the remainder when 13 is divided by a?
5
Suppose 2*s + 1 = 9. Suppose s*w + 14 = -x, -2*w - 1 - 1 = 3*x. Suppose 0 = -6*b + 2*b + 12. What is the remainder when b is divided by x?
1
Let p(s) = s + 5. Let l be p(-7). Calculate the remainder when l/3 - (-178)/6 is divided by 16.
13
Let t(f) = f**2 + 3*f - 13. Calculate the remainder when t(-9) is divided by 22.
19
Let w(h) = 2*h**3 - 4*h**2 - 5*h + 13. What is the remainder when 76 is divided by w(3)?
12
Let i = 1 - 0. Let b be 0*2*i/4. Let t(u) = -u**2 + 14. What is the remainder when 40 is divided by t(b)?
12
Let r(c) = -14*c - 4*c**2 - 8*c**2 + 0 - 3 + 0. Let h(k) = -4*k**2 - 5*k - 1. Let d(v) = 8*h(v) - 3*r(v). Calculate the remainder when 7 is divided by d(-1).
1
Let c(h) = 2*h - 8. Let l(m) = -m**3 - m**2 - m + 22. Let g be l(0). Suppose -2*r - g = -3*r. Calculate the remainder when r is divided by c(8).
6
Let o = 12 + -11. Let a = 15 - o. Suppose -s - 4*s + 200 = 0. Calculate the remainder when s is divided by a.
12
Suppose 0 = -5*p + 2*p + 9. Suppose 41 = 2*l - p*s, -l - 5*s + 32 = -21. Let i = -18 + l. Calculate the remainder when 18 is divided by i.
8
Let m = 60 + -43. What is the remainder when 100 is divided by m?
15
Let t = 7 + -5. Let w(i) = -5*i + 3. Let o be w(t). Let n = o - -13. Calculate the remainder when n is divided by 4.
2
Let d(y) = 16*y - 27. Suppose -3*k - 2*k - o + 55 = 0, 2*o - 20 = -k. Calculate the remainder when d(4) is divided by k.
7
Calculate the remainder when 97 is divided by ((-7)/(-2))/(-6*6/(-216)).
13
Calculate the remainder when (-2878)/(-22) + (-34)/(-187) is divided by 44.
43
Calculate the remainder when 88/5 - (-27)/(-45) is divided by 6.
5
Let s = 12 - -2. Suppose 0 = -0*f + f - 2. Suppose -w = 5, 8 = f*d + 3*w - 59. What is the remainder when d is divided by s?
13
Suppose -2*f + 6 + 0 = 0. Suppose 4*h - 25 = f*s - 0*s, 0 = -3*s + 3. Suppose -4*d = -3*m - 22, -m - 8 - 2 = -2*d. What is the remainder when h is divided by d?
3
Let r(h) be the third derivative of -h**6/120 + 2*h**5/15 + h**4/2 - 2*h**3 + 4*h**2. Calculate the remainder when 29 is divided by r(9).
14
Let y(c) = -c - 6. Calculate the remainder when 6 is divided by y(-9).
0
Calculate the remainder when 515/40 + 2/16 is divided by 4.
1
Suppose 8 = 4*s - 3*s. Let u = 7 + 0. Let l(r) = r**2 - 7*r + 3. Calculate the remainder when s is divided by l(u).
2
Let c = -362 - -418. Let g = 32 + -13. Calculate the remainder when c is divided by g.
18
What is the remainder when (-1696)/(-20) - (-5 + 24/5) is divided by 23?
16
Let c(r) = r**2 + 6*r - 10. What is the remainder when c(-11) is divided by 24?
21
Suppose 2*g - 3*v = -0*v + 68, 0 = 2*g + 3*v - 44. Let c be (-46)/(-2 + 1) - 1. Suppose 3*q = -0*q + c. Calculate the remainder when g is divided by q.
13
Let z = 38 + -53. Suppose 3*j - 3*f = -9, 2*j = -0*j - 4*f + 6. What is the remainder when 5/((-18)/z + j) is divided by 9?
7
Let b(t) = 15*t**2 + 3*t + 1. Let l be b(-2). What is the remainder when 560/l + (-2)/11 is divided by 6?
4
Let w = -44 + 85. Calculate the remainder when w is divided by 21.
20
Let s = -249 + 471. Calculate the remainder when s is divided by 45.
42
Suppose -2*t = 2*v - 6*t - 150, -t = 2*v - 155. Suppose -5*j = i - v, 2*j + 4*i + 37 = 5*j. Calculate the remainder when 58 is divided by j.
13
Let y = 91 - -42. What is the remainder when y is divided by 34?
31
Suppose -3*l + 57 = 2*k, 2*l - 38 = -k - 0. Suppose -4*s + s - 108 = -3*w, 0 = 5*w + 5*s - 180. Calculate the remainder when w is divided by l.
17
Let p = 3 - -46. Calculate the remainder when p is divided by 25.
24
Let z = 9 + -1. Let u be 2/(-8) - (-530)/8. Suppose 0*q + 3*q = u. Calculate the remainder when q is divided by z.
6
Let f = 36 - 9. Suppose -4*h + 2*i = -3*i - 66, -4*i = -4*h + 64. Suppose 0*d + d - h = 0. Calculate the remainder when f is divided by d.
13
Let r be 1/(9/(-12))*-3. Suppose g + 15 = -r*v, 0*v - 5*v = 3*g + 10. Suppose -3*c + g = 2*c. Calculate the remainder when c is divided by 1.
0
Let v(c) = -c**3 + 3*c**2 + 3*c - 2. Suppose 0 = k + 2 - 5. Calculate the remainder when 27 is divided by v(k).
6
Let u = -12 + 21. Sup